{"id":1092,"date":"2021-06-21T21:11:47","date_gmt":"2021-06-22T02:11:47","guid":{"rendered":"https:\/\/digitalm.com.mx\/blog\/?page_id=1092"},"modified":"2026-01-05T12:27:56","modified_gmt":"2026-01-05T18:27:56","slug":"flyers","status":"publish","type":"page","link":"https:\/\/digitalm.com.mx\/blog\/flyers\/","title":{"rendered":"Flyers interactivos en PDF"},"content":{"rendered":"<h2><img decoding=\"async\" src=\"https:\/\/digitalm.com.mx\/blog\/wp-content\/uploads\/2021\/03\/cropped-portada-blog-redimencionado-5-300x300.png\" sizes=\"(max-width: 82px) 100vw, 82px\" srcset=\"https:\/\/digitalm.com.mx\/blog\/wp-content\/uploads\/2021\/03\/cropped-portada-blog-redimencionado-5-300x300.png 300w, https:\/\/digitalm.com.mx\/blog\/wp-content\/uploads\/2021\/03\/cropped-portada-blog-redimencionado-5-1024x1024.png 1024w, https:\/\/digitalm.com.mx\/blog\/wp-content\/uploads\/2021\/03\/cropped-portada-blog-redimencionado-5-150x150.png 150w, https:\/\/digitalm.com.mx\/blog\/wp-content\/uploads\/2021\/03\/cropped-portada-blog-redimencionado-5-768x768.png 768w, https:\/\/digitalm.com.mx\/blog\/wp-content\/uploads\/2021\/03\/cropped-portada-blog-redimencionado-5-666x666.png 666w, https:\/\/digitalm.com.mx\/blog\/wp-content\/uploads\/2021\/03\/cropped-portada-blog-redimencionado-5.png 1080w\" alt=\"\" width=\"82\" height=\"82\" \/>Nuestros flyers interactivos<\/h2>\n<p>Cuando tenemos un negocio, uno de nuestros principales intereses es que nuestros clientes siempre est\u00e9n enterados de todos los pormenores de nuestros eventos y promociones. Sin embargo, no siempre llegan a todos lo que nos hace perder oportunidad de venta o incluso de la misma interacci\u00f3n que queremos tener con las personas.<\/p>\n<p>Bajo esta premisa hemos pensado en dise\u00f1ar un flyer que puedas compartir en 2 maneras diferentes:<\/p>\n<ol>\n<li><strong>En formato PDF interactivo:\u00a0<\/strong> <strong><a href=\"https:\/\/digitalm.com.mx\/blog\/tarjetas_digitales.pdf\" target=\"_blank\" rel=\"noopener\">Este flyer<\/a><\/strong> contiene los \u00edconos interactivos de tus redes sociales, medios de contacto, ubicaci\u00f3n, sitio web, etc.\u00a0 De este modo, con un click tu cliente puede acceder a toda la informaci\u00f3n de tu negocio conociendo todas las actividades que est\u00e9s planeando. Este formato de flyer es perfecto para enviarlos mediante campa\u00f1as de mailmarketing o bien su env\u00edo por whatsapp.<\/li>\n<li><strong>En formato de imagen PNG.<\/strong> Este es ideal para publicaci\u00f3n en tus redes sociales o sitio\u00a0 \u00a0 web para lograr esa presencia visual tan necesaria para el crecimiento de tu negocio. Al ser en formato PGN aseguramos contar con alta calidad en el flyer.<\/li>\n<\/ol>\n<h2><img decoding=\"async\" src=\"https:\/\/digitalm.com.mx\/blog\/wp-content\/uploads\/2021\/03\/cropped-portada-blog-redimencionado-5-300x300.png\" sizes=\"(max-width: 82px) 100vw, 82px\" srcset=\"https:\/\/digitalm.com.mx\/blog\/wp-content\/uploads\/2021\/03\/cropped-portada-blog-redimencionado-5-300x300.png 300w, https:\/\/digitalm.com.mx\/blog\/wp-content\/uploads\/2021\/03\/cropped-portada-blog-redimencionado-5-1024x1024.png 1024w, https:\/\/digitalm.com.mx\/blog\/wp-content\/uploads\/2021\/03\/cropped-portada-blog-redimencionado-5-150x150.png 150w, https:\/\/digitalm.com.mx\/blog\/wp-content\/uploads\/2021\/03\/cropped-portada-blog-redimencionado-5-768x768.png 768w, https:\/\/digitalm.com.mx\/blog\/wp-content\/uploads\/2021\/03\/cropped-portada-blog-redimencionado-5-666x666.png 666w, https:\/\/digitalm.com.mx\/blog\/wp-content\/uploads\/2021\/03\/cropped-portada-blog-redimencionado-5.png 1080w\" alt=\"\" width=\"82\" height=\"82\" \/>Algunos de nuestros dise\u00f1os<\/h2>\n<p><img fetchpriority=\"high\" decoding=\"async\" src=\"https:\/\/digitalm.com.mx\/blog\/wp-content\/uploads\/2021\/08\/flayer-plataformas-1.png\" alt=\"\" width=\"2000\" height=\"1727\" \/><\/p>\n<h2><img decoding=\"async\" src=\"https:\/\/digitalm.com.mx\/blog\/wp-content\/uploads\/2021\/03\/cropped-portada-blog-redimencionado-5-300x300.png\" sizes=\"(max-width: 82px) 100vw, 82px\" srcset=\"https:\/\/digitalm.com.mx\/blog\/wp-content\/uploads\/2021\/03\/cropped-portada-blog-redimencionado-5-300x300.png 300w, https:\/\/digitalm.com.mx\/blog\/wp-content\/uploads\/2021\/03\/cropped-portada-blog-redimencionado-5-1024x1024.png 1024w, https:\/\/digitalm.com.mx\/blog\/wp-content\/uploads\/2021\/03\/cropped-portada-blog-redimencionado-5-150x150.png 150w, https:\/\/digitalm.com.mx\/blog\/wp-content\/uploads\/2021\/03\/cropped-portada-blog-redimencionado-5-768x768.png 768w, https:\/\/digitalm.com.mx\/blog\/wp-content\/uploads\/2021\/03\/cropped-portada-blog-redimencionado-5-666x666.png 666w, https:\/\/digitalm.com.mx\/blog\/wp-content\/uploads\/2021\/03\/cropped-portada-blog-redimencionado-5.png 1080w\" alt=\"\" width=\"82\" height=\"82\" \/>\u00bfC\u00f3mo funciona?<\/h2>\n<p>S\u00f3lo seguimos este sencillo proceso:<\/p>\n<ol>\n<li><strong>Comparte con nosotros tu idea<\/strong>, medidas del flyer,\u00a0 im\u00e1genes, textos y los enlaces de tus redes sociales e informaci\u00f3n de tu contacto.<\/li>\n<li>Nosotros en Digital Media Soluciones Web<strong>\u00ae<\/strong> <strong>creamos el dise\u00f1o seg\u00fan tu idea<\/strong>, colocamos los \u00edconos e insertamos los enlaces.\u00a0 Estamos en constante comunicaci\u00f3n contigo para asegurar que resultado sea el esperado.<\/li>\n<li><strong>Entregamos en 24 hrs h\u00e1biles<\/strong> el flyer en formato PDF y en formato PNG.<\/li>\n<\/ol>\n<h2><img decoding=\"async\" src=\"https:\/\/digitalm.com.mx\/blog\/wp-content\/uploads\/2021\/03\/cropped-portada-blog-redimencionado-5-300x300.png\" sizes=\"(max-width: 82px) 100vw, 82px\" srcset=\"https:\/\/digitalm.com.mx\/blog\/wp-content\/uploads\/2021\/03\/cropped-portada-blog-redimencionado-5-300x300.png 300w, https:\/\/digitalm.com.mx\/blog\/wp-content\/uploads\/2021\/03\/cropped-portada-blog-redimencionado-5-1024x1024.png 1024w, https:\/\/digitalm.com.mx\/blog\/wp-content\/uploads\/2021\/03\/cropped-portada-blog-redimencionado-5-150x150.png 150w, https:\/\/digitalm.com.mx\/blog\/wp-content\/uploads\/2021\/03\/cropped-portada-blog-redimencionado-5-768x768.png 768w, https:\/\/digitalm.com.mx\/blog\/wp-content\/uploads\/2021\/03\/cropped-portada-blog-redimencionado-5-666x666.png 666w, https:\/\/digitalm.com.mx\/blog\/wp-content\/uploads\/2021\/03\/cropped-portada-blog-redimencionado-5.png 1080w\" alt=\"\" width=\"82\" height=\"82\" \/>Nuestros precios<\/h2>\n<p style=\"text-align: center;\"><strong>Hemos decidido no seccionar costos por tama\u00f1o o tipo de dise\u00f1o y mantener un s\u00f3lo precio de MXN 300 + IVA (por el flyer en los 2 formatos).<\/strong><\/p>\n<p><img decoding=\"async\" src=\"https:\/\/digitalm.com.mx\/blog\/wp-content\/uploads\/2021\/06\/botones-tarifass.png\" alt=\"\" width=\"441\" height=\"624\" \/><\/p>\n<pre><strong>*Precios sujetaos a cambios, m\u00e1s IVA \n<\/strong><strong>* Solicita tu cotizaci\u00f3n<\/strong> \n<strong>*Expedimos factura<\/strong><\/pre>\n<h2 style=\"text-align: center;\">\u00bfQu\u00e9 te parece? \u00bfQuieres que trabajemos juntos? Aqu\u00ed estamos para escucharte y comenzar a crecer juntos<\/h2>\n<p><a href=\"https:\/\/digitalm.com.mx\/blog\/contacto\/\"><img loading=\"lazy\" decoding=\"async\" class=\"alignnone\" src=\"https:\/\/digitalm.com.mx\/blog\/wp-content\/uploads\/2021\/04\/portada-blog-redimencionado-10-1-e1617916824925.png\" alt=\"\" width=\"345\" height=\"120\" \/><\/a><\/p>\n","protected":false},"excerpt":{"rendered":"<p>Nuestros flyers interactivos Cuando tenemos un negocio, uno de nuestros principales intereses es que nuestros clientes siempre est\u00e9n enterados de<\/p>\n<p><a href=\"https:\/\/digitalm.com.mx\/blog\/flyers\/\" class=\"more-link\">Contin\u00faa leyendo&#8230;<span class=\"screen-reader-text\">Flyers interactivos en PDF<\/span><\/a><\/p>\n","protected":false},"author":2,"featured_media":0,"parent":0,"menu_order":0,"comment_status":"closed","ping_status":"closed","template":"","meta":{"footnotes":""},"class_list":["post-1092","page","type-page","status-publish","hentry"],"_links":{"self":[{"href":"https:\/\/digitalm.com.mx\/blog\/wp-json\/wp\/v2\/pages\/1092","targetHints":{"allow":["GET"]}}],"collection":[{"href":"https:\/\/digitalm.com.mx\/blog\/wp-json\/wp\/v2\/pages"}],"about":[{"href":"https:\/\/digitalm.com.mx\/blog\/wp-json\/wp\/v2\/types\/page"}],"author":[{"embeddable":true,"href":"https:\/\/digitalm.com.mx\/blog\/wp-json\/wp\/v2\/users\/2"}],"replies":[{"embeddable":true,"href":"https:\/\/digitalm.com.mx\/blog\/wp-json\/wp\/v2\/comments?post=1092"}],"version-history":[{"count":15,"href":"https:\/\/digitalm.com.mx\/blog\/wp-json\/wp\/v2\/pages\/1092\/revisions"}],"predecessor-version":[{"id":1565,"href":"https:\/\/digitalm.com.mx\/blog\/wp-json\/wp\/v2\/pages\/1092\/revisions\/1565"}],"wp:attachment":[{"href":"https:\/\/digitalm.com.mx\/blog\/wp-json\/wp\/v2\/media?parent=1092"}],"curies":[{"name":"wp","href":"https:\/\/api.w.org\/{rel}","templated":true}]}}