{"id":2,"date":"2021-03-09T17:39:30","date_gmt":"2021-03-09T23:39:30","guid":{"rendered":"https:\/\/digitalm.com.mx\/blog\/?page_id=2"},"modified":"2021-04-29T22:04:10","modified_gmt":"2021-04-30T03:04:10","slug":"aviso-de-privacidad","status":"publish","type":"page","link":"https:\/\/digitalm.com.mx\/blog\/aviso-de-privacidad\/","title":{"rendered":"Aviso de privacidad"},"content":{"rendered":"<p>&nbsp;<\/p>\n<h3><span style=\"color: #ffffff;\"><a style=\"color: #ffffff;\" href=\"https:\/\/digitalm.com.mx\/aviso-privacidad.html\" target=\"_blank\" rel=\"noopener\">AVISO DE PRIVACIDAD<\/a><\/span><\/h3>\n<p><strong>Aviso dirigido a los titulares de datos personales que obran en posesi\u00f3n de Alfredo Herrera Garc\u00eda (Ciproweb S.A de C.V).<\/strong><br \/>\nAlfredo Herrera Garc\u00eda, como Representante Legal de Ciproweb S.A de C.V. y de sus marcas filiales, registrados con domicilio en Alejandro P Borodin 35, col. Vallejo, C.P. 07870, G.A.M. CDMX, M\u00e9xico; hace de su conocimiento que los datos personales de usted, incluyendo los sensibles, que actualmente o en el futuro obren en nuestras bases de datos, ser\u00e1n tratados y\/o utilizados por: Ciproweb S.A de C.V. o sus marcas y\/o las empresas controladoras de \u00e9sta \u00faltima y\/o nuestras empresas filiales y\/o subsidiarias y\/o aquellos terceros que, por la naturaleza de sus trabajos o funciones tengan la necesidad de tratar y\/o utilizar sus datos personales; con el prop\u00f3sito de cumplir aquellas obligaciones que se derivan de la relaci\u00f3n jur\u00eddica existente entre usted como titular de los datos personales y las empresas antes se\u00f1aladas.<br \/>\nAs\u00ed mismo, Ciproweb S.A de C.V. podr\u00e1 utilizar esos datos para ponernos en contacto con usted, con objeto de realizar estudios de mercado o para comunicarle informaci\u00f3n comercial que pensamos podr\u00eda ser de especial inter\u00e9s para usted. En estos \u00faltimos casos, tiene el derecho de excluirse de nuestro grupo de receptores de dichas comunicaciones comerciales directas o estudios de mercado. Asimismo, Ciproweb S.A de C.V. podr\u00e1 utilizar el logotipo, nombre y\/o colores corporativos dentro de promocionales, correos electr\u00f3nicos, publicaciones digitales o cualquier otro tipo de difusi\u00f3n masiva, con el \u00fanico objeto de dar a conocer a las empresas que conforman nuestra base de datos de clientes.<br \/>\nCiproweb S.A de C.V. no transferir\u00e1 a terceros distintos los datos personales que nos proporcione sin ponerlo antes en su conocimiento y obtener su permiso por escrito. Asimismo, solicitaremos su consentimiento antes de compartir sus datos con terceros, distintos a los se\u00f1alados que no act\u00faen por cuenta nuestra, en t\u00e9rminos de lo dispuesto por la Ley Federal de Protecci\u00f3n de Datos Personales en Posesi\u00f3n de los Particulares (la Ley).<br \/>\nLos titulares podr\u00e1n ejercer los derechos ARCO que les confiere la Ley, a partir del 6 de enero de 2012, mediante una solicitud por escrito, que deber\u00e1 ser presentada en el domicilio de Ciproweb S.A de C.V. que se indica en el presente Aviso de Privacidad. Todas las solicitudes que sean presentadas a Ciproweb S.A de C.V., independiente del medio utilizado por los titulares, deber\u00e1n:<\/p>\n<ul type=\"disc\">\n<li>Incluir el nombre y firma aut\u00f3grafa del titular, as\u00ed como un domicilio u otro medio para comunicarle la respuesta a su solicitud.<\/li>\n<li>Acompa\u00f1ar los documentos oficiales que acrediten la identidad del titular.<\/li>\n<li>Incluir una descripci\u00f3n clara y precisa de los datos personales respecto de los cuales ejercitar\u00e1 los derechos que les confiere la Ley.<\/li>\n<li>Incluir cualquier elemento o documento que facilite la localizaci\u00f3n de los datos personales de que se traten.<\/li>\n<\/ul>\n<p>Ciproweb S.A de C.V. se reserva el derecho de cambiar, modificar, complementar y\/o alterar el presente aviso, en cualquier momento, en cuyo caso se har\u00e1 de su conocimiento a trav\u00e9s de cualquiera de los medios que establece la legislaci\u00f3n en la materia.<\/p>\n<p><strong>Aviso sobre el uso de cookies por parte de Ciproweb S.A de C.V.:<\/strong><br \/>\nEn Ciproweb S.A de C.V. se implementa el uso de\u00a0<strong>\u00abcookies\u00bb<\/strong>\u00a0y otras tecnolog\u00edas de publicidad para recopilar datos y direcciones IP; gracias a ellas podemos\u00a0<strong>entender mejor el comportamiento de nuestros visitantes<\/strong>\u00a0y ofrecerles contenido personalizado, de acuerdo a los servicios y soluciones que brinda Ciproweb S.A de C.V. Es importante se\u00f1alar que,\u00a0<strong>de ninguna manera, con el uso de \u00abcookies\u00bb se extrae informaci\u00f3n de su computadora<\/strong>\u00a0que pudiera vulnerar a nuestros clientes y visitantes. En el caso de direcciones IP e informaci\u00f3n personal se sigue el protocolo\u00a0<strong>vigente de uso y protecci\u00f3n de datos manejado por Ciproweb S.A de C.V.<\/strong><\/p>\n<p><strong>Alfredo Herrera Garc\u00eda<br \/>\n<\/strong>Ciproweb S.A de C.V.<br \/>\nalfredo.herrera@ciproweb.com<br \/>\nwww.ciproweb.com<\/p>\n<p>&nbsp;<\/p>\n<p>&nbsp;<\/p>\n","protected":false},"excerpt":{"rendered":"<p>&nbsp; AVISO DE PRIVACIDAD Aviso dirigido a los titulares de datos personales que obran en posesi\u00f3n de Alfredo Herrera Garc\u00eda<\/p>\n<p><a href=\"https:\/\/digitalm.com.mx\/blog\/aviso-de-privacidad\/\" class=\"more-link\">Contin\u00faa leyendo&#8230;<span class=\"screen-reader-text\">Aviso de privacidad<\/span><\/a><\/p>\n","protected":false},"author":1,"featured_media":0,"parent":0,"menu_order":0,"comment_status":"closed","ping_status":"closed","template":"","meta":{"footnotes":""},"class_list":["post-2","page","type-page","status-publish","hentry"],"_links":{"self":[{"href":"https:\/\/digitalm.com.mx\/blog\/wp-json\/wp\/v2\/pages\/2","targetHints":{"allow":["GET"]}}],"collection":[{"href":"https:\/\/digitalm.com.mx\/blog\/wp-json\/wp\/v2\/pages"}],"about":[{"href":"https:\/\/digitalm.com.mx\/blog\/wp-json\/wp\/v2\/types\/page"}],"author":[{"embeddable":true,"href":"https:\/\/digitalm.com.mx\/blog\/wp-json\/wp\/v2\/users\/1"}],"replies":[{"embeddable":true,"href":"https:\/\/digitalm.com.mx\/blog\/wp-json\/wp\/v2\/comments?post=2"}],"version-history":[{"count":103,"href":"https:\/\/digitalm.com.mx\/blog\/wp-json\/wp\/v2\/pages\/2\/revisions"}],"predecessor-version":[{"id":946,"href":"https:\/\/digitalm.com.mx\/blog\/wp-json\/wp\/v2\/pages\/2\/revisions\/946"}],"wp:attachment":[{"href":"https:\/\/digitalm.com.mx\/blog\/wp-json\/wp\/v2\/media?parent=2"}],"curies":[{"name":"wp","href":"https:\/\/api.w.org\/{rel}","templated":true}]}}