{"id":772,"date":"2021-04-15T13:29:39","date_gmt":"2021-04-15T18:29:39","guid":{"rendered":"https:\/\/digitalm.com.mx\/blog\/?page_id=772"},"modified":"2026-01-05T12:21:48","modified_gmt":"2026-01-05T18:21:48","slug":"certificados-personalizados-con-qr","status":"publish","type":"page","link":"https:\/\/digitalm.com.mx\/blog\/certificados-personalizados-con-qr\/","title":{"rendered":"Documentos autenticados con QR"},"content":{"rendered":"\t\t<div data-elementor-type=\"wp-page\" data-elementor-id=\"772\" class=\"elementor elementor-772\">\n\t\t\t\t<div class=\"elementor-element elementor-element-335896f4 e-flex e-con-boxed e-con e-parent\" data-id=\"335896f4\" data-element_type=\"container\">\n\t\t\t\t\t<div class=\"e-con-inner\">\n\t\t\t\t<div class=\"elementor-element elementor-element-21a89a4f elementor-widget elementor-widget-text-editor\" data-id=\"21a89a4f\" data-element_type=\"widget\" data-widget_type=\"text-editor.default\">\n\t\t\t\t\t\t\t\t\t<h1><img decoding=\"async\" src=\"https:\/\/digitalm.com.mx\/blog\/wp-content\/uploads\/2021\/03\/cropped-portada-blog-redimencionado-5-300x300.png\" sizes=\"(max-width: 82px) 100vw, 82px\" srcset=\"https:\/\/digitalm.com.mx\/blog\/wp-content\/uploads\/2021\/03\/cropped-portada-blog-redimencionado-5-300x300.png 300w, https:\/\/digitalm.com.mx\/blog\/wp-content\/uploads\/2021\/03\/cropped-portada-blog-redimencionado-5-1024x1024.png 1024w, https:\/\/digitalm.com.mx\/blog\/wp-content\/uploads\/2021\/03\/cropped-portada-blog-redimencionado-5-150x150.png 150w, https:\/\/digitalm.com.mx\/blog\/wp-content\/uploads\/2021\/03\/cropped-portada-blog-redimencionado-5-768x768.png 768w, https:\/\/digitalm.com.mx\/blog\/wp-content\/uploads\/2021\/03\/cropped-portada-blog-redimencionado-5-666x666.png 666w, https:\/\/digitalm.com.mx\/blog\/wp-content\/uploads\/2021\/03\/cropped-portada-blog-redimencionado-5.png 1080w\" alt=\"\" width=\"82\" height=\"82\" \/>Dise\u00f1o de documentos autenticados con QR<\/h1>\nLa digitalizaci\u00f3n nos ha dado la oportunidad de tener diferente documentaci\u00f3n como certificados o diplomas almacenadas en la red adicional a la impresi\u00f3n que las instituciones o colegios entregan de manera f\u00edsica.\n\nEsto permite <strong>mayor visualizaci\u00f3n<\/strong> de los documentos expedidos,<strong> conservaci\u00f3n y control en el registro<\/strong> de todo aquel documento que se emite para cada alumno, colaborador y participante para este prop\u00f3sito el <strong>c\u00f3digo QR<\/strong> es sumamente funcional debido a sus caracter\u00edsticas de almacenaje.\n\nEn Digital Media Soluciones Web<strong>\u00ae<\/strong> desarrollamos desde el <strong>dise\u00f1o de los certificados, de los c\u00f3digos QR, la impresi\u00f3n en papel opalina tama\u00f1o carta y la visualizaci\u00f3n web<\/strong> de manera totalmente personal asegurando la <strong>legitimidad\u00a0 del documento<\/strong> a trav\u00e9s de una doble autenticaci\u00f3n (el c\u00f3digo del QR y el sello digital que podemos dise\u00f1ar en conjunto con el cliente e incluir en cada documento).\n\n<img fetchpriority=\"high\" decoding=\"async\" src=\"https:\/\/digitalm.com.mx\/blog\/wp-content\/uploads\/2021\/04\/Servicios-DM-5-e1618539826493.png\" alt=\"\" width=\"402\" height=\"444\" \/>\n<h1><img decoding=\"async\" src=\"https:\/\/digitalm.com.mx\/blog\/wp-content\/uploads\/2021\/03\/cropped-portada-blog-redimencionado-5-300x300.png\" sizes=\"(max-width: 82px) 100vw, 82px\" srcset=\"https:\/\/digitalm.com.mx\/blog\/wp-content\/uploads\/2021\/03\/cropped-portada-blog-redimencionado-5-300x300.png 300w, https:\/\/digitalm.com.mx\/blog\/wp-content\/uploads\/2021\/03\/cropped-portada-blog-redimencionado-5-1024x1024.png 1024w, https:\/\/digitalm.com.mx\/blog\/wp-content\/uploads\/2021\/03\/cropped-portada-blog-redimencionado-5-150x150.png 150w, https:\/\/digitalm.com.mx\/blog\/wp-content\/uploads\/2021\/03\/cropped-portada-blog-redimencionado-5-768x768.png 768w, https:\/\/digitalm.com.mx\/blog\/wp-content\/uploads\/2021\/03\/cropped-portada-blog-redimencionado-5-666x666.png 666w, https:\/\/digitalm.com.mx\/blog\/wp-content\/uploads\/2021\/03\/cropped-portada-blog-redimencionado-5.png 1080w\" alt=\"\" width=\"82\" height=\"82\" \/>\u00bfC\u00f3mo funciona?<\/h1>\nAs\u00ed es como desarrollamos de principio a fin todo el proceso de dise\u00f1o e impresi\u00f3n <strong>\u00a1Lo haces por ti y para ti con mucho gusto!<\/strong>\n\n<img decoding=\"async\" src=\"https:\/\/digitalm.com.mx\/blog\/wp-content\/uploads\/2021\/04\/infografia-documentacion-con-QR.jpg\" alt=\"\" width=\"673\" height=\"1681\" \/>\n<h1><img decoding=\"async\" src=\"https:\/\/digitalm.com.mx\/blog\/wp-content\/uploads\/2021\/03\/cropped-portada-blog-redimencionado-5-300x300.png\" sizes=\"(max-width: 82px) 100vw, 82px\" srcset=\"https:\/\/digitalm.com.mx\/blog\/wp-content\/uploads\/2021\/03\/cropped-portada-blog-redimencionado-5-300x300.png 300w, https:\/\/digitalm.com.mx\/blog\/wp-content\/uploads\/2021\/03\/cropped-portada-blog-redimencionado-5-1024x1024.png 1024w, https:\/\/digitalm.com.mx\/blog\/wp-content\/uploads\/2021\/03\/cropped-portada-blog-redimencionado-5-150x150.png 150w, https:\/\/digitalm.com.mx\/blog\/wp-content\/uploads\/2021\/03\/cropped-portada-blog-redimencionado-5-768x768.png 768w, https:\/\/digitalm.com.mx\/blog\/wp-content\/uploads\/2021\/03\/cropped-portada-blog-redimencionado-5-666x666.png 666w, https:\/\/digitalm.com.mx\/blog\/wp-content\/uploads\/2021\/03\/cropped-portada-blog-redimencionado-5.png 1080w\" alt=\"\" width=\"82\" height=\"82\" \/>Algunos de nuestros Dise\u00f1os<\/h1>\nEstos son alguno de nuestros dise\u00f1os m\u00e1s solicitados en certificados y diplomas, te invitamos a dar click en las im\u00e1genes o escaberar los c\u00f3digos QR para acceder a la p\u00e1ginas demo.\n\n<a href=\"https:\/\/mi-qr.com\/valida\/?v=202104-12345600003\"><img loading=\"lazy\" decoding=\"async\" src=\"https:\/\/digitalm.com.mx\/blog\/wp-content\/uploads\/2021\/04\/2-1.png\" alt=\"\" width=\"657\" height=\"440\" \/><\/a><a href=\"https:\/\/mi-qr.com\/valida\/?v=202104-12345600006\"><img loading=\"lazy\" decoding=\"async\" src=\"https:\/\/digitalm.com.mx\/blog\/wp-content\/uploads\/2021\/04\/3-1.png\" alt=\"\" width=\"661\" height=\"440\" \/><\/a>\n\n<a href=\"https:\/\/mi-qr.com\/valida\/?v=202104-12345600005\"><img loading=\"lazy\" decoding=\"async\" src=\"https:\/\/digitalm.com.mx\/blog\/wp-content\/uploads\/2021\/04\/4-1.png\" alt=\"\" width=\"666\" height=\"445\" \/><\/a>\n\n<a href=\"https:\/\/mi-qr.com\/valida\/?v=202104-12345600001\"><img loading=\"lazy\" decoding=\"async\" src=\"https:\/\/digitalm.com.mx\/blog\/wp-content\/uploads\/2021\/04\/1-2.png\" alt=\"\" width=\"677\" height=\"451\" \/><\/a>\n<h1><img decoding=\"async\" src=\"https:\/\/digitalm.com.mx\/blog\/wp-content\/uploads\/2021\/03\/cropped-portada-blog-redimencionado-5-300x300.png\" sizes=\"(max-width: 82px) 100vw, 82px\" srcset=\"https:\/\/digitalm.com.mx\/blog\/wp-content\/uploads\/2021\/03\/cropped-portada-blog-redimencionado-5-300x300.png 300w, https:\/\/digitalm.com.mx\/blog\/wp-content\/uploads\/2021\/03\/cropped-portada-blog-redimencionado-5-1024x1024.png 1024w, https:\/\/digitalm.com.mx\/blog\/wp-content\/uploads\/2021\/03\/cropped-portada-blog-redimencionado-5-150x150.png 150w, https:\/\/digitalm.com.mx\/blog\/wp-content\/uploads\/2021\/03\/cropped-portada-blog-redimencionado-5-768x768.png 768w, https:\/\/digitalm.com.mx\/blog\/wp-content\/uploads\/2021\/03\/cropped-portada-blog-redimencionado-5-666x666.png 666w, https:\/\/digitalm.com.mx\/blog\/wp-content\/uploads\/2021\/03\/cropped-portada-blog-redimencionado-5.png 1080w\" alt=\"\" width=\"82\" height=\"82\" \/>Nuestros precios<\/h1>\n<h4 style=\"text-align: center;\">\u00a1Imprimimos desde 1 pieza o las que necesites en tus actividades!<\/h4>\n<img loading=\"lazy\" decoding=\"async\" src=\"https:\/\/digitalm.com.mx\/blog\/wp-content\/uploads\/2021\/04\/PROMOCION-4.png\" alt=\"\" width=\"846\" height=\"709\" \/>\n<pre><strong>*Contamos con soporte 24\/7<\/strong>\n<strong>*<a href=\"https:\/\/digitalm.com.mx\/blog\/soluciones-digitales\/\" target=\"_blank\" rel=\"noopener\">Conocer m\u00e1s sobre nuestros website<\/a>\n<\/strong><strong>*Precios m\u00e1s IVA<\/strong>\n<strong style=\"font-size: 1.125rem;\">*Expedimos factura<\/strong><\/pre>\n<h3 style=\"text-align: center;\">\u00bfQuieres saber m\u00e1s? da click abajo y contactanos \u00a1gracias!<\/h3>\n<a href=\"https:\/\/digitalm.com.mx\/blog\/contacto\/\"><img loading=\"lazy\" decoding=\"async\" src=\"https:\/\/digitalm.com.mx\/blog\/wp-content\/uploads\/2021\/04\/portada-blog-redimencionado-10-1-e1617916824925.png\" alt=\"\" width=\"412\" height=\"144\" \/><\/a>\t\t\t\t\t\t\t\t<\/div>\n\t\t\t\t\t<\/div>\n\t\t\t\t<\/div>\n\t\t\t\t<\/div>\n\t\t","protected":false},"excerpt":{"rendered":"<p>Dise\u00f1o de documentos autenticados con QR La digitalizaci\u00f3n nos ha dado la oportunidad de tener diferente documentaci\u00f3n como certificados o<\/p>\n<p><a href=\"https:\/\/digitalm.com.mx\/blog\/certificados-personalizados-con-qr\/\" class=\"more-link\">Contin\u00faa leyendo&#8230;<span class=\"screen-reader-text\">Documentos autenticados con QR<\/span><\/a><\/p>\n","protected":false},"author":2,"featured_media":0,"parent":0,"menu_order":0,"comment_status":"closed","ping_status":"closed","template":"","meta":{"footnotes":""},"class_list":["post-772","page","type-page","status-publish","hentry"],"_links":{"self":[{"href":"https:\/\/digitalm.com.mx\/blog\/wp-json\/wp\/v2\/pages\/772","targetHints":{"allow":["GET"]}}],"collection":[{"href":"https:\/\/digitalm.com.mx\/blog\/wp-json\/wp\/v2\/pages"}],"about":[{"href":"https:\/\/digitalm.com.mx\/blog\/wp-json\/wp\/v2\/types\/page"}],"author":[{"embeddable":true,"href":"https:\/\/digitalm.com.mx\/blog\/wp-json\/wp\/v2\/users\/2"}],"replies":[{"embeddable":true,"href":"https:\/\/digitalm.com.mx\/blog\/wp-json\/wp\/v2\/comments?post=772"}],"version-history":[{"count":30,"href":"https:\/\/digitalm.com.mx\/blog\/wp-json\/wp\/v2\/pages\/772\/revisions"}],"predecessor-version":[{"id":1561,"href":"https:\/\/digitalm.com.mx\/blog\/wp-json\/wp\/v2\/pages\/772\/revisions\/1561"}],"wp:attachment":[{"href":"https:\/\/digitalm.com.mx\/blog\/wp-json\/wp\/v2\/media?parent=772"}],"curies":[{"name":"wp","href":"https:\/\/api.w.org\/{rel}","templated":true}]}}